 27322?
2, 19, 719
List the prime factors of 2755.
5, 19, 29
What are the prime factors of 10261?
31, 331
List the prime factors of 2921.
23, 127
What are the prime factors of 73647?
3, 7, 167
List the prime factors of 2772.
2, 3, 7, 11
List the prime factors of 1249.
1249
List the prime factors of 780.
2, 3, 5, 13
List the prime factors of 2366.
2, 7, 13
What are the prime factors of 70942?
2, 79, 449
What are the prime factors of 2735?
5, 547
List the prime factors of 752.
2, 47
What are the prime factors of 1737?
3, 193
What are the prime factors of 7565?
5, 17, 89
List the prime factors of 5752.
2, 719
List the prime factors of 4662.
2, 3, 7, 37
List the prime factors of 58466.
2, 23, 31, 41
What are the prime factors of 5038?
2, 11, 229
What are the prime factors of 3893?
17, 229
What are the prime factors of 2856?
2, 3, 7, 17
What are the prime factors of 2147?
19, 113
What are the prime factors of 6682?
2, 13, 257
What are the prime factors of 13?
13
List the prime factors of 3903.
3, 1301
List the prime factors of 5447.
13, 419
List the prime factors of 3638.
2, 17, 107
What are the prime factors of 1675?
5, 67
What are the prime factors of 684?
2, 3, 19
What are the prime factors of 5116?
2, 1279
What are the prime factors of 2849?
7, 11, 37
What are the prime factors of 13144?
2, 31, 53
What are the prime factors of 24758?
2, 12379
List the prime factors of 858.
2, 3, 11, 13
What are the prime factors of 2067?
3, 13, 53
What are the prime factors of 1651?
13, 127
What are the prime factors of 10736?
2, 11, 61
What are the prime factors of 270?
2, 3, 5
What are the prime factors of 10384?
2, 11, 59
What are the prime factors of 2077?
31, 67
What are the prime factors of 52243?
89, 587
What are the prime factors of 54362?
2, 7, 11, 353
What are the prime factors of 307?
307
What are the prime factors of 250?
2, 5
List the prime factors of 5002.
2, 41, 61
List the prime factors of 15305.
5, 3061
What are the prime factors of 4837?
7, 691
List the prime factors of 1063.
1063
List the prime factors of 131128.
2, 37, 443
List the prime factors of 1711.
29, 59
What are the prime factors of 1275?
3, 5, 17
What are the prime factors of 663?
3, 13, 17
List the prime factors of 7230.
2, 3, 5, 241
List the prime factors of 826.
2, 7, 59
What are the prime factors of 8841?
3, 7, 421
What are the prime factors of 948?
2, 3, 79
What are the prime factors of 37409?
37409
List the prime factors of 12728.
2, 37, 43
List the prime factors of 1421.
7, 29
What are the prime factors of 46471?
46471
List the prime factors of 6582.
2, 3, 1097
What are the prime factors of 3740?
2, 5, 11, 17
What are the prime factors of 32046?
2, 3, 7, 109
List the prime factors of 4027.
4027
What are the prime factors of 18607?
23, 809
What are the prime factors of 4811?
17, 283
What are the prime factors of 25889?
25889
List the prime factors of 16627.
13, 1279
List the prime factors of 54823.
73, 751
List the prime factors of 18362.
2, 9181
What are the prime factors of 1266?
2, 3, 211
List the prime factors of 86237.
83, 1039
What are the prime factors of 28?
2, 7
What are the prime factors of 26871?
3, 13, 53
List the prime factors of 21415.
5, 4283
What are the prime factors of 3212?
2, 11, 73
What are the prime factors of 86656?
2, 677
What are the prime factors of 9422?
2, 7, 673
What are the prime factors of 13283?
37, 359
List the prime factors of 44.
2, 11
What are the prime factors of 177?
3, 59
List the prime factors of 758.
2, 379
What are the prime factors of 2840?
2, 5, 71
List the prime factors of 247.
13, 19
List the prime factors of 69936.
2, 3, 31, 47
What are the prime factors of 856?
2, 107
List the prime factors of 126371.
7, 2579
What are the prime factors of 12102?
2, 3, 2017
List the prime factors of 18929.
23, 823
What are the prime factors of 1448?
2, 181
List the prime factors of 64759.
31, 2089
What are the prime factors of 69515?
5, 13903
List the prime factors of 3511.
3511
List the prime factors of 2019.
3, 673
What are the prime factors of 439?
439
List the prime factors of 202176.
2, 3, 13
What are the prime factors of 2193?
3, 17, 43
What are the prime factors of 70922?
2, 35461
List the prime factors of 22453.
22453
What are the prime factors of 44294?
2, 22147
What are the prime factors of 20744?
2, 2593
What are the prime factors of 2573?
31, 83
What are the prime factors of 6243?
3, 2081
List the prime factors of 61258.
2, 109, 281
What are the prime factors of 1081?
23, 47
What are the prime factors of 580?
2, 5, 29
What are the prime factors of 22263?
3, 41, 181
What are the prime factors of 786?
2, 3, 131
What are the prime factors of 7825?
5, 313
List the prime factors of 915.
3, 5, 61
List the prime factors of 129127.
129127
List the prime factors of 1170.
2, 3, 5, 13
What are the prime factors of 24032?
2, 751
What are the prime factors of 12800?
2, 5
What are the prime factors of 553?
7, 79
List the prime factors of 2125.
5, 17
What are the prime factors of 178?
2, 89
List the prime factors of 62664.
2, 3, 7, 373
List the prime factors of 110.
2, 5, 11
List the prime factors of 7276.
2, 17, 107
What are the prime factors of 49251?
3, 16417
What are the prime factors of 4188?
2, 3, 349
What are the prime factors of 2562?
2, 3, 7, 61
What are the prime factors of 48646?
2, 13, 1871
List the prime factors of 448.
2, 7
What are the prime factors of 95022?
2, 3, 5279
What are the prime factors of 1957?
19, 103
List the prime factors of 667.
23, 29
List the prime factors of 12538.
2, 6269
What are the prime factors of 87030?
2, 3, 5, 967
List the prime factors of 985.
5, 197
List the prime factors of 1051.
1051
What are the prime factors of 738?
2, 3, 41
List the prime factors of 13170.
2, 3, 5, 439
What are the prime factors of 584?
2, 73
List the prime factors of 803.
11, 73
What are the prime factors of 6142?
2, 37, 83
List the prime factors of 166.
2, 83
What are the prime factors of 13024?
2, 11, 37
List the prime factors of 560.
2, 5, 7
What are the prime factors of 1786?
2, 19, 47
List the prime factors of 585.
3, 5, 13
List the prime factors of 18464.
2, 577
List the prime factors of 3383.
17, 199
What are the prime factors of 15897?
3, 7, 757
What are the prime factors of 1655?
5, 331
List the prime factors of 16445.
5, 11, 13, 23
List the prime factors of 12602.
2, 6301
What are the prime factors of 1098?
2, 3, 61
List the prime factors of 4824.
2, 3, 67
What are the prime factors of 1865?
5, 373
List the prime factors of 94.
2, 47
What are the prime factors of 5614?
2, 7, 401
List the prime factors of 948.
2, 3, 79
What are the prime factors of 2709?
3, 7, 43
List the prime factors of 1219.
23, 53
What are the prime factors of 34738?
2, 11, 1579
What are the prime factors of 13702?
2, 13, 17, 31
What are the prime factors of 84999?
3, 29, 977
List the prime factors of 2189.
11, 199
List the prime factors of 4292.
2, 29, 37
List the prime factors of 77.
7, 11
What are the prime factors of 998?
2, 499
List the prime factors of 584.
2, 73
What are the prime factors of 2291?
29, 79
List the prime factors of 72.
2, 3
List the prime factors of 38638.
2, 19319
List the prime factors of 2184.
2, 3, 7, 13
List the prime factors of 56218.
2, 28109
What are the prime factors of 9649?
9649
List the prime factors of 11854.
2, 5927
List the prime factors of 3148.
2, 787
What are the prime factors of 4143?
3, 1381
What are the prime factors of 6473?
6473
What are the prime factors of 4950?
2, 3, 5, 11
What are the prime factors of 13541?
11, 1231
What are the prime factors of 915?
3, 5, 61
List the prime factors of 6417.
3, 23, 31
List the prime factors of 903.
3, 7, 43
What are the prime factors of 1857?
3, 619
List the prime factors of 1204.
2, 7, 43
List the prime factors of 89531.
13, 71, 97
List the prime factors of 495.
3, 5, 11
What are the prime factors of 5396?
2, 19, 71
List the prime factors of 928.
2, 29
What are the prime factors of 14835?
3, 5, 23, 43
List the prime factors of 1234.
2, 617
List the prime factors of 117.
3, 13
List the prime factors of 1621.
1621
List the prime factors of 56.
2, 7
What are the prime factors of 172505?
5, 34501
What are the prime factors of 795?
3, 5, 53
List the prime factors of 1370.
2